3 a factor of 209917019?
False
Does 852 divide 18806475?
False
Does 488 divide 23804973?
False
Does 10 divide 244376417?
False
Does 12 divide 8880168?
True
Is 85563404 a multiple of 92?
True
Is 56 a factor of 123951560?
False
Is 99 a factor of 1601786807?
False
Is 15581440 a multiple of 32?
True
Is 2370 a factor of 145605690?
True
Does 13 divide 51046669?
False
Does 138 divide 574911677?
False
Does 34 divide 1084060386?
True
Is 824466 a multiple of 2329?
True
Does 106 divide 352955252?
False
Is 22 a factor of 6892579?
False
Is 24 a factor of 905992176?
True
Does 18 divide 222362730?
True
Does 64 divide 2866341?
False
Is 63 a factor of 1227576681?
False
Is 11 a factor of 389938103?
False
Is 15 a factor of 149399655?
True
Does 5 divide 13135699?
False
Is 34296933 a multiple of 219?
True
Is 518057712 a multiple of 8?
True
Does 350 divide 744410511?
False
Is 8289840 a multiple of 26?
True
Does 14 divide 113394561?
False
Is 278287140 a multiple of 27?
False
Is 5810243850 a multiple of 30?
True
Does 2464 divide 29927744?
True
Is 925 a factor of 45251925?
True
Is 4359 a factor of 358270569?
True
Is 20 a factor of 146075880?
True
Is 90 a factor of 52116030?
True
Does 287 divide 24470194?
True
Is 382196125 a multiple of 2125?
True
Is 1072 a factor of 279476832?
True
Is 289 a factor of 196388274?
False
Does 133 divide 33273735?
False
Does 884 divide 296008856?
False
Is 364686 a multiple of 19?
True
Is 10998702 a multiple of 143?
True
Does 913 divide 565729262?
False
Does 6 divide 1557418811?
False
Does 394 divide 2407340?
True
Is 92572273 a multiple of 2087?
False
Does 12 divide 310130724?
True
Is 92066334 a multiple of 2052?
False
Does 9 divide 8503338?
False
Is 133069787 a multiple of 350?
False
Is 19 a factor of 26668286?
True
Does 526 divide 526283588?
False
Does 1751 divide 870722326?
False
Is 3239 a factor of 2132858?
False
Is 60338376 a multiple of 1596?
True
Is 40 a factor of 47197680?
True
Does 376 divide 85896824?
True
Is 3105 a factor of 219386880?
True
Does 18 divide 2678031468?
True
Does 32 divide 6307558?
False
Does 286 divide 4991558?
True
Does 32 divide 13310589?
False
Is 378 a factor of 18595710?
True
Is 23622030 a multiple of 1254?
False
Does 11 divide 824490562?
False
Is 46620438 a multiple of 6?
True
Does 916 divide 75659768?
True
Does 650 divide 51644450?
True
Is 9 a factor of 199417003?
False
Is 761328168 a multiple of 8?
True
Does 12 divide 2880555372?
True
Does 114 divide 2270015196?
True
Is 125 a factor of 3184413750?
True
Is 1213 a factor of 72875827?
True
Does 44 divide 34304250?
False
Does 176 divide 11271568?
True
Is 30 a factor of 1502334030?
True
Is 173 a factor of 62517875?
True
Is 429 a factor of 39791895?
True
Is 14881548 a multiple of 242?
True
Does 54 divide 2077344?
False
Is 42824930 a multiple of 647?
True
Does 271 divide 24620621?
True
Does 261 divide 295903438?
False
Is 9431038 a multiple of 639?
False
Does 2 divide 23339902?
True
Is 3011 a factor of 300591141?
True
Is 14606268 a multiple of 2479?
True
Is 750261270 a multiple of 66?
True
Is 6 a factor of 14772288?
True
Is 4 a factor of 714180958?
False
Is 344 a factor of 27752888?
True
Does 324 divide 826200?
True
Does 6 divide 111537285?
False
Does 72 divide 351767808?
True
Does 81 divide 227280014?
False
Does 102 divide 7329505?
False
Is 20 a factor of 914086940?
True
Is 1241 a factor of 31543738?
True
Is 1118336392 a multiple of 18?
False
Is 483105252 a multiple of 51?
True
Is 3232315276 a multiple of 869?
False
Is 118938294 a multiple of 54?
True
Does 34 divide 38693972?
True
Does 516 divide 11389668?
True
Is 11 a factor of 292526696?
True
Does 278 divide 1484851654?
True
Is 17 a factor of 34133790?
True
Is 3271021 a multiple of 221?
True
Is 1311 a factor of 44471742?
True
Does 112 divide 590071322?
False
Does 2179 divide 285270856?
False
Is 2515 a factor of 363897865?
True
Does 127 divide 63371476?
True
Is 6655334 a multiple of 9?
False
Does 7 divide 32549580?
True
Does 99 divide 659061526?
False
Is 12 a factor of 69726901?
False
Is 41934755 a multiple of 305?
True
Is 214 a factor of 8937164?
False
Does 20 divide 12169994?
False
Is 30 a factor of 957925410?
True
Is 98294268 a multiple of 1484?
False
Does 28 divide 24972220?
True
Does 37 divide 3213820?
True
Is 11699352 a multiple of 501?
True
Does 399 divide 613880253?
True
Is 2979728 a multiple of 121?
False
Is 55 a factor of 450893000?
False
Is 242735732 a multiple of 3852?
False
Does 115 divide 1485845190?
False
Is 635 a factor of 1517877397?
False
Does 6 divide 512320751?
False
Is 46054218 a multiple of 6?
True
Does 53 divide 34420691?
True
Is 61626984 a multiple of 1096?
True
Does 138 divide 2914560?
True
Is 793324186 a multiple of 835?
False
Does 63 divide 1341202922?
False
Does 48 divide 19169744?
False
Does 46 divide 3285158241?
False
Is 12668488 a multiple of 23?
False
Does 23 divide 345984331?
True
Does 1232 divide 261929360?
True
Does 34 divide 151827306?
True
Is 7 a factor of 2693754?
True
Does 14 divide 65911370?
True
Is 1528745702 a multiple of 979?
True
Is 96 a factor of 63041088?
True
Is 799121760 a multiple of 608?
True
Is 1332 a factor of 1310223132?
True
Is 35 a factor of 55600576?
False
Does 4 divide 18253172?
True
Is 95 a factor of 346858756?
False
Is 15700032 a multiple of 346?
False
Does 360 divide 182372040?
True
Is 241768484 a multiple of 17?
False
Does 19 divide 169498335?
True
Is 286004313 a multiple of 2571?
False
Is 4130912 a multiple of 7?
False
Is 176 a factor of 20315680?
True
Is 230 a factor of 1396330?
True
Is 8 a factor of 59077713?
False
Is 6 a factor of 218888946?
True
Is 34 a factor of 13881154?
False
Is 8878365 a multiple of 9?
True
Is 42329775 a multiple of 25?
True
Is 33734688 a multiple of 32?
True
Does 67 divide 1086982356?
False
Is 14444301 a multiple of 21?
False
Does 474 divide 35130984?
True
Does 392 divide 766016567?
False
Is 13753901 a multiple of 966?
False
Is 12755610 a multiple of 119?
True
Is 959928970 a multiple of 715?
True
Does 42 divide 10680768?
True
Is 21 a factor of 20697482?
False
Is 79047561 a multiple of 1915?
False
Is 2767160 a multiple of 76?
True
Does 147 divide 1271224542?
True
Is 106622538 a multiple of 901?
True
Is 95137982 a multiple of 1982?
True
Is 2464 a factor of 1157266880?
True
Is 282513546 a multiple of 19?
True
Is 21 a factor of 22983268?
False
Does 7 divide 1014869758?
True
Is 75469751 a multiple of 37?
True
Is 787145727 a multiple of 111?
False
Does 21 divide 9375310?
False
Does 98 divide 96189665?
False
Is 1118 a factor of 15702896?
False
Does 31 divide 296988132?
False
Is 87389604 a multiple of 976?
False
Is 11413 a factor of 3205705228?
False
Does 19 divide 27824502?
False
Is 24 a factor of 1270562?
False
Is 158 a factor of 2942750?
True
Is 3780762 a multiple of 24?
False
Does 164 divide 94174083?
False
Is 1256 a factor of 1377332646?
False
Is 9008256 a multiple of 128?
True
Does 180 divide 233207640?
True
Is 34867098 a multiple of 63?
True
Does 12 divide 151968?
True
Does 414 divide 2041218720?
True
Does 2224 divide 63469941?
False
Is 6326870 a multiple of 565?
True
Is 18 a factor of 2501680266?
True
Is 2087 a factor of 29873973?
False
Is 156048333 a multiple of 30?
False
Does 160 divide 152592443?
False
Is 5 a factor of 8358770?
True
Does 335 divide 218722840?
True
Does 30 divide 162832350?
True
Does 40 divide 3480840?
True
Is 18 a factor of 517743018?
True
Is 92 a factor of 2717583860?
True
Is 1481 a factor of 128705145?
False
Is 146120701 a multiple of 1931?
True
Is 104790140 a multiple of 1030?
True
Is 151256592 a multiple of 37?
True
Is 62015755 a multiple of 414?
False
Is 18 a factor of 31112622?
True
Is 37704786 a multiple of 21?
True
Is 311347440 a multiple of 1296?
False
Is 293 a factor of 102950813?
False
Is 1620720 a multiple of 1872?
False
Does 34 divide 17371963?
False
Does 14 divide 254184787?
False
Is 5027 a factor of 249203471?
True
Is 427855230 a multiple of 54?
True
Does 1226 divide 173662900?
True
Is 124 a factor of 577140144?
True
Is 29947307 a multiple of 26?
False
Does 16 divide 1112215586?
False
Does 405 divide 5798790?
True
Is 65 a factor of 102106615?
True
Is 14 a factor of 238872698?
False
Does 18 divide 120665537?
False
Does 12 divide 3046205475?
False
Is 205 a factor of 948555910?
True
Does 204